visor of j and 46.
23
Suppose 15*v - 131 = 34. Let b(t) = 21*t + 4. Let x(j) = j**2 - 9*j - 6. Let k be x(10). Let m be b(k). Calculate the greatest common divisor of v and m.
11
Let p(j) = -j**3 - 32*j**2 + 10*j + 73. Let r be p(-32). Let v = r + 277. What is the highest common divisor of 9 and v?
3
Let r(i) = -2*i - 8. Let q be r(-4). Suppose q = 11*g - 14*g + 33. Let n = -21 + 43. Calculate the highest common divisor of n and g.
11
Suppose 14 - 74 = 2*t. Let a = -32 - t. Let i be 7*(a/1 - -51). What is the greatest common divisor of 49 and i?
49
Let d(b) = -46*b - 1109. Let q be d(-26). What is the greatest common divisor of q and 1247?
29
Suppose 816965 + 1444231 = 88*z + 101*z. What is the greatest common divisor of z and 12?
12
Suppose 3*i - b = 1405, -i = 5*b - 104 - 391. What is the greatest common factor of 160 and i?
10
Suppose -86 = -5*z - 1. Let d be (1 + 14/(-8))/(z/(-1632)). Calculate the highest common divisor of 18 and d.
18
Let a = 81 + 4235. Calculate the greatest common divisor of 830 and a.
166
Suppose 2*w = 3*w - 68. Let n = -35597 + 35648. Calculate the highest common factor of w and n.
17
Let j(a) = 18*a + 11445 - a - 11465. Let o be j(4). What is the greatest common factor of 36 and o?
12
Let h = -23 + 73. Let b be 56/(-21) + 3/(-9) + 103. What is the highest common factor of b and h?
50
Let t(k) = 2*k**3 - 7*k**2 + k**3 + 2*k**3 + 9*k - 16 + 17*k**2 - 4*k**3. Let s be t(-5). What is the greatest common factor of 704 and s?
64
Let x(v) = 2*v**2 + 258*v + 760. Let j be x(-127). Calculate the highest common divisor of 12978 and j.
126
Suppose -1165 = -2*l + 5*v, 5*l = -22*v + 23*v + 2924. What is the greatest common divisor of 455 and l?
65
Suppose 24*h - 8 = 20*h. Suppose 4*d - h*d - 4*c = 60, 5*c = -4*d + 68. Calculate the greatest common factor of d and 352.
22
Let o(j) = 217*j + 1221. Let z be o(-5). What is the greatest common factor of z and 6324?
68
Let o = 42 + -42. Suppose 4*i + z = 61, o = 2*i - 7*i - z + 75. Suppose 0 = 15*u - i*u - 114. What is the highest common factor of u and 38?
38
Suppose -1 = b - 51*a + 53*a, 3*b + 5*a + 1 = 0. Let y be (b - -3 - (-2 - -5))*5. What is the highest common divisor of 75 and y?
15
Let k be (-7)/(-3)*(-2784)/(-406). What is the greatest common factor of k and 4792?
8
Let d be (684/15)/((-1008)/(-6720)). What is the greatest common factor of d and 950?
38
Let f be -132 + -1 + (-60)/20. Let l = f + 248. Suppose 0 = -8*j + 80 + l. Calculate the greatest common divisor of j and 6.
6
Let g be 0 + 0 + 6 + 172224/207. Let o = -802 + g. What is the greatest common factor of 1548 and o?
36
Let z(w) = -w**2 + 103*w - 1984. Let x be z(55). Calculate the greatest common factor of 48 and x.
16
Let q = -27 - -53. Suppose 0 = 12*z - 8*z - 20. Suppose 0 = 4*j + w - 411, z*j - j + 3*w = 401. What is the highest common divisor of q and j?
26
Let h be (-6 - 16/(-1))*2. Let l be (3 - 6)/((-3)/h). Calculate the greatest common factor of 5 and l.
5
Let v be (42 - (-1 + -3)) + 1*(-9 - -5). What is the highest common factor of v and 4221?
21
Let q = -5 - 7. Suppose 0 = -59*z + 841 + 2522. Let w = z + q. What is the highest common divisor of w and 15?
15
Let q(w) = -23*w - 1512. Let o be q(-68). What is the greatest common divisor of 468 and o?
52
Let z = 48 - 44. Suppose 5*u = z*k - 1, 5*u + 4 = 19. Let m = k - -25. Calculate the highest common factor of m and 87.
29
Let k(z) = -695*z - 684. Let i be k(-1). What is the highest common divisor of i and 26191?
11
Let v = 159 + -158. Suppose 2*w - 4*r - 738 = -0*w, -r = -v. What is the highest common divisor of w and 7?
7
Let p be (17 + -10)*(-2 + 0). Let h be (p/63*-75)/((-4)/(-18)). Calculate the highest common divisor of 100 and h.
25
Let b(u) = u**3 + 20*u**2 + 22*u + 48. Let h be b(-16). Let f be (-28)/6*h/(-42). Suppose -25 = -5*w + 55. What is the highest common factor of f and w?
16
Suppose 5*h = -3*d + 440 - 85, -4*d + 292 = 4*h. Calculate the greatest common factor of 2 and h.
2
Suppose 2*d = 4*d - 112. Let z = -34 + d. Let y = -308 - -506. What is the highest common factor of y and z?
22
Let a = -126 + 120. Let o be 326*2 - (3 + a). Suppose -5*h - l = -o, -6*h + 4*l + 548 = -2*h. Calculate the highest common divisor of 22 and h.
22
Let n be (-131)/1179 - (1 - 140/45). Let h be (4 + -1)/(0 - -1). What is the greatest common divisor of h and n?
1
Let r(t) = 8*t**3 - 2*t**2 + 2*t - 12. Let j be r(3). Suppose 2*l = -4*u + j, -2*l + 165 = -0*l - 5*u. What is the highest common divisor of l and 36?
18
Suppose -5*h - 3*f - 880 = 0, -h + 64 = 2*f + 233. Let d = h - -124. Let v be 2/(-11) + (-1110)/d + -4. What is the greatest common divisor of 24 and v?
8
Let u be -749*((-40)/(-25) - 6/10). Let g = -237 - u. What is the highest common divisor of g and 64?
64
Let g(s) be the third derivative of s**4/12 + s**3 + s**2. Let u be g(-1). Suppose -u*v + 28 + 88 = 0. Calculate the highest common divisor of 145 and v.
29
Suppose 73*s - 76*s - 12 = 0, -4*t - 3*s = -436. Calculate the greatest common factor of 1648 and t.
16
Let s(f) = -1391*f - 1265. Let p be s(-1). Calculate the greatest common divisor of 4473 and p.
63
Let b(s) = -259*s - 9449. Let a be b(-50). Calculate the highest common divisor of a and 3112.
389
Let r(y) = -8*y**2 - 9*y + 7. Let k be r(-3). Let n be (-3 + k/4)*(-36)/30. Calculate the greatest common divisor of n and 39.
3
Let d(k) = k**3 - 4*k**2 - k. Let h be d(5). Let i be (1 + 177)*-1*-2. Suppose -i = -5*n + 144. Calculate the highest common divisor of h and n.
20
Let v(z) = z**2 + 4*z + 575. Let i be v(-36). Calculate the highest common divisor of 33 and i.
11
Let a be ((-11)/(-55))/((-1)/(-115)). Suppose 5*l - 2*f - 92 = 0, -2*l + a + 10 = 3*f. What is the highest common factor of l and 90?
18
Let o be (5756 - (2 - (-3 - -3)))*(-26)/(-39). What is the highest common divisor of o and 28?
28
Let z(j) = -3*j**3 - 7*j**2 + 2*j + 6. Let i be z(-5). Let c = -43 + 59. Suppose c = f - 12. Calculate the greatest common divisor of f and i.
28
Let h = -297 - -363. Suppose 0 = -4*y - w + 384, 0 = -y - 5*w + h + 30. What is the greatest common factor of y and 120?
24
Suppose -34*w = -5317 - 5087. What is the greatest common divisor of w and 72?
18
Let h be (-5)/40 - -65*(-329)/(-8). Calculate the highest common factor of h and 132.
33
Let d be (-2 - (-2 - (-6)/(-15))) + 266/10. Calculate the highest common factor of 2331 and d.
9
Let c = 218 - 290. Let x = c - -140. Calculate the greatest common divisor of 51 and x.
17
Let m = 4798 - 4778. Calculate the greatest common factor of m and 1130.
10
Let b(r) = 45*r - 19*r - 376 + r + 27*r. Let p be b(9). Calculate the greatest common divisor of p and 66.
22
Let r(v) = v**2 - v - 1. Let p(x) = -11*x**2 - 10*x + 45. Let j(w) = -p(w) - 4*r(w). Let a be j(10). Calculate the highest common divisor of a and 17.
17
Suppose 461*n - 1050 = 446*n. Calculate the highest common divisor of n and 8260.
70
Suppose -3*b - 2*b + 160 = 0. Let i be (-2)/7 + b/14. Let x(a) = 4738*a - 4718. Let y be x(1). Calculate the highest common divisor of y and i.
2
Let o(d) = -d + 12. Let x be o(-17). Suppose 4*m - x = -2*z + 7, 0 = -m + 5*z + 31. Calculate the highest common factor of 11 and m.
11
Suppose -3*v - 4*y - 5 = y, 5*v + y - 21 = 0. Let d = -176 - -180. Suppose 7*a - 385 = -d*a. Calculate the greatest common divisor of a and v.
5
Let m(t) = 2*t**3 - 247*t**2 - 268*t + 163. Let r be m(125). What is the highest common factor of 14 and r?
14
Let c = 10895 + -8270. What is the highest common factor of 150 and c?
75
Let i(y) = -y**3 + 9*y**2 + 10*y + 5. Let c be i(10). Suppose -5*l - c*d + 706 = -7*d, 2*d = -3*l + 414. Calculate the highest common divisor of l and 35.
35
Let x(t) = t**2 - 4*t + 3. Let h(c) = -2*c**2 - 26*c + 23. Let j be h(-14). Let b be x(j). Calculate the highest common factor of b and 160.
16
Let q = 800 - 568. Let u = 0 + q. Calculate the highest common divisor of u and 29.
29
Suppose 5*t - 20*g = -16*g + 1497, 291 = t + 2*g. Suppose -27 = 15*d - 18*d. What is the greatest common divisor of d and t?
9
Suppose -4*z = -2*h - 486, 2*z - 5*z = -4*h - 372. Let b be (-11230)/(-70) + (-3)/7. What is the highest common factor of z and b?
40
Suppose -3*h + 46*o + 145 = 45*o, 0 = o + 1. Suppose -3*x + 2*x + 12